+ 2, 0 = -5*v - 20. Let i be 6/10 - 244/t. Suppose -3*x = -8*x + i. What is the units digit of x?
5
Suppose -c + 0 = -3. Suppose -c*d = d - 216. What is the tens digit of d?
5
Suppose -295 = -q - 4*g, 0 = -3*g + 5 + 1. What is the tens digit of (-1)/4 - q/(-28)?
1
Suppose -110 = -17*d + 16*d. What is the tens digit of d?
1
Let y(s) = 4*s. What is the tens digit of y(8)?
3
Suppose 0*f + 2*f = -182. Let n = f - -167. Suppose -3*l + n = 25. What is the tens digit of l?
1
Let t be (30/9)/((-6)/(-9)). Suppose i = 2*w - 75, 0 = w + 2*w - t*i - 130. What is the tens digit of w?
3
Suppose 0 = -m - 2*y - 1, -5*y - 35 + 1 = -2*m. What is the units digit of m?
7
Let t be (-68)/(-20) + (-4)/10. Suppose -7*f + 52 = -t*f. Let l = 22 - f. What is the units digit of l?
9
What is the hundreds digit of (4 + 1 + -247)*12/(-8)?
3
Suppose 3*x - 3*h = -6, -2*h + 8 = -x + 1. Suppose x*n + 33 = 6*n. What is the tens digit of n?
1
Let f(h) = h**3 + 10*h**2 + h + 13. What is the tens digit of f(-9)?
8
Let z be 1 + 1/(-1) + 4. Suppose 6 - 30 = -j + 4*c, j + z*c = 8. What is the units digit of j?
6
Suppose -4*g + 7*g - 462 = 0. What is the tens digit of g?
5
Let v = 2 - -3. What is the units digit of v?
5
Let x be (-504)/(-16)*8/6. Let j = x - 18. What is the tens digit of j?
2
Let o(u) = 12*u**2 + 3*u - 2. Let i be o(1). Suppose 10 = i*c - 11*c. What is the units digit of c?
5
Suppose -3*t + 8 = -7. Let s(b) = -b + 7. Let v be s(0). Suppose t*x + v = 52. What is the units digit of x?
9
Let f be 1/2 - (-30)/12. Suppose 8*g = -c + 3*g - 7, 0 = -4*c + f*g + 64. What is the tens digit of c?
1
Let y(g) = -g**3 + 2*g**2 + 3*g - 1. Let k be y(3). Let q be k - (-1 - -1) - -6. Suppose -q = -r + 4*x, 4*x - 15 = -3*r + x. What is the units digit of r?
5
Let v be ((-1)/5)/(1/(-5)). Suppose 0 = -g + v, g + 2*g - 29 = -2*t. What is the units digit of t?
3
Let g = 49 + 43. What is the tens digit of g?
9
Let p = -8 + 11. Let l = 2 + p. Suppose l*z - 32 = z. What is the units digit of z?
8
Let g(d) = -d**2 - 12*d - 7. Let s be g(-9). Let n = -17 + s. What is the units digit of n?
3
Suppose p - 6 = 2. Suppose -3*q + p*q - 45 = 0. Suppose -j + 25 = 4*b, -j - q = -5*b + 20. What is the units digit of b?
6
Let v = 8 - 18. Let l = v - -14. Suppose -5*o = -l*g + 1, 3*g - 3 = o + 6. What is the units digit of g?
4
Let s(p) be the first derivative of p**5/60 + p**4/6 - p**3/2 - 3*p**2/2 - 3. Let n(a) be the second derivative of s(a). What is the units digit of n(-6)?
9
Let w(x) = x**2 + 10*x - 9. Let n be w(-8). Let r be ((-8)/(-10))/((-10)/n). Suppose f - 28 = -r*i - 3*f, 0 = -2*i + 2*f + 40. What is the tens digit of i?
1
Let j be (-20)/6*30/(-4). Suppose j = -5*v, 2*p - 7 = -2*v - v. What is the tens digit of p?
1
Suppose -2*k + 10 = -4. What is the units digit of k?
7
Let x be 20/(-25) - (-4)/5. Suppose -c + x*p = p - 3, -3*p = 2*c - 7. What is the units digit of c?
2
Suppose 5*u = 3*b - 34, 0 = -5*b - u + 3*u + 25. What is the units digit of b?
3
Let k(l) = l**2 + l - 1. Let a be k(0). Let u = 6 + a. What is the units digit of u + 4/(-2) - -2?
5
Suppose 2*t - 4*t = -82. What is the tens digit of t?
4
Let r = 83 - 33. What is the units digit of r?
0
Let n(o) = o**2 - 9*o + 12. Let a be n(9). Let w = -6 + a. What is the units digit of w?
6
Let w(p) = 0 - 6 + 9 - 5*p + 2. What is the tens digit of w(-6)?
3
Let k = 13 + -8. Let v = 13 - k. Let g = 6 + v. What is the tens digit of g?
1
Suppose 3*x + 0*x + 4*t + 2 = 0, -8 = x + 5*t. Suppose -x*m + 12 + 4 = 0. What is the units digit of (1 + 1 - 4) + m?
6
Let v = -4 + 6. Let c(g) = 2*g**2 + 4*g**2 - 2*g - 2*g**v + 2. What is the tens digit of c(2)?
1
What is the units digit of (-168)/18*(-5 - -3 - 10)?
2
Let l(i) be the first derivative of 1 + 6*i - 2*i + i**2 - 4*i. What is the units digit of l(2)?
4
Let f(u) = u**3 + u**2 + 7*u - 8. What is the units digit of f(4)?
0
Let n(f) = f - 114. Let k be n(0). What is the tens digit of (-6)/15 - k/10?
1
Let o(t) = t**3 - 3*t**2 - 3*t + 5. Suppose 0 = 3*d - 7*d + 16. Suppose d*g - 15 = 1. What is the units digit of o(g)?
9
What is the units digit of (-22)/(-55) + (-1 - (-926)/10)?
2
Let v = -3 + 1. What is the units digit of 4 + (-1 - v) + -3?
2
Let t be (-51)/(-9) + 4/(-6). Suppose 4*j = t*g - 5, -6*j = -g - 5*j. Suppose -3*v + g*i - 38 = -5*v, -3*v + 43 = 4*i. What is the units digit of v?
9
Suppose 8*r = 3*r - 45. Let p be 0*(-3)/r + 0. Suppose 2*l = -2*d - p*d + 36, -2*d + 4*l = -24. What is the tens digit of d?
1
Suppose 4 = 4*o - 8*o. Let r(i) = 2*i**2 + 1. What is the units digit of r(o)?
3
Let a = -17 + 16. Let y(b) = 4*b**2. What is the units digit of y(a)?
4
Let n(v) = v**3 + 8*v**2 - 2*v - 12. Let u be n(-8). Suppose -2*q = -h + 5, h + 5 = -4*q + u. What is the units digit of h?
3
Suppose -2*g + 208 = 2*g. What is the units digit of g?
2
Suppose 3*r - 2*r = -6. Let h = -4 - r. Suppose -7*k + h*k + 30 = 0. What is the units digit of k?
6
Suppose -3*r - 880 = -7*r. What is the tens digit of r?
2
Suppose 0 = 4*b - 20, -5*b + b + 20 = 3*f. Suppose -10 = -t - 3. Suppose 2*h - 25 - t = f. What is the units digit of h?
6
Let b(d) = d - 5. Let f(z) = -2*z**2 + z + 1. Let w be f(-3). Let u = -12 - w. What is the units digit of b(u)?
3
Let f(q) = q**3 + 6*q**2 - 8*q - 4. Let h be f(-7). Let m = h + -3. What is the units digit of 0/(-1) - -12 - m?
2
Let l(a) = a**2 + 3*a - 1. Suppose 4*j - z = -42, -4*j - 40 = z - 3*z. Let y = 7 + j. What is the units digit of l(y)?
3
Suppose 6*p - 4*p + 6 = 0. Let f = p + 19. What is the units digit of f?
6
Let m(n) = 3*n**2 + 7*n + 3. Let v be m(-3). Suppose -5*t + 4*u = -33, t - u - v = u. What is the units digit of t?
5
Let u = 4 - 3. Let c be 0 - (4/(-1))/u. Suppose 0 = -c*b + 2 + 6. What is the units digit of b?
2
Let y(p) = p**3 - 15*p**2 + 15. Let x be y(15). Suppose 16 - x = h. What is the units digit of h?
1
Let s(l) = -l**3 + 8*l**2 - 2*l - 5. What is the units digit of s(7)?
0
Suppose -10*b + 12 = -6*b. Suppose 17 = g + b*v, 4*g + 0*v - 4*v = 4. What is the units digit of g?
5
Suppose 0 = 4*c + 2*y - 50, 0 = 3*c + 2*y - 18 - 20. Let n = c - -1. Suppose -2 = -4*x + 3*d - n, -3*d = 5*x - 20. What is the units digit of x?
1
Suppose -2*i = -4*i - 28. What is the units digit of (1/1)/((-2)/i)?
7
Suppose 5*y = 7*s - 2*s + 25, 5*s + 10 = 2*y. Suppose -y*f + 2*r = -r - 7, 4*f - 4 = 4*r. Suppose -f*v - 5 = -d, 4 = -6*v + 4*v. What is the units digit of d?
1
Let b(i) = -i**3 + 9*i**2 + 7*i + 18. What is the tens digit of b(7)?
6
Let c(i) = -2*i**3 - 2*i**2 + 3*i + 2. Let z be c(-2). Let b = z - 1. Let n = 6 - b. What is the units digit of n?
3
What is the tens digit of 1/3 + 4260/18?
3
Let s = -39 - -118. What is the tens digit of s?
7
Let w(s) = -12*s - 10. What is the tens digit of w(-3)?
2
Let z be 2/6 + (-4)/12. Suppose -2*t = g - 3, -g = -2*t + 13 - z. What is the units digit of t?
4
Let m be (-10)/(-4) - (-4)/(-8). Let b be m/((-6)/(-9)) - 1. Suppose -b*y + 5 = 2*n - 23, 0 = -y - 1. What is the tens digit of n?
1
Let a = 328 - 216. What is the units digit of 2/(-16) - (-2254)/a?
0
Suppose -5*k + 127 = 12. Suppose -53 = 4*y + 4*i + k, 2*y + 3*i = -42. Let q = 23 + y. What is the units digit of q?
8
Let u(l) = 2*l**2 + 10*l. Let f(z) = -z**2 + z + 1. Let j(r) = -f(r) - u(r). Let y be j(-5). Let h = y - 21. What is the units digit of h?
8
Let p = 7 + -2. Suppose -c + 3*s + 22 = s, p*c = -2*s + 86. What is the units digit of c?
8
Let t be (0 - -28 - -2)*1. Let o = 67 - t. What is the tens digit of o?
3
Let z(f) = f**3 + 6*f**2 - f + 3. Let o be z(-6). Let r(q) = 2*q - 7. What is the tens digit of r(o)?
1
Let f(n) = -n**2 + 8*n + 1. Let q be f(7). Let c = 13 - q. What is the units digit of c?
5
Let r = 15 - 9. Suppose r = 5*v + 1. Suppose 0 = k - v. What is the units digit of k?
1
Suppose d - 2 = 0, 0*d - 8 = 4*p - 2*d. Let b = -9 - p. What is the units digit of 332/16 - 2/b?
1
Let d(a) = -a**3 + a**2 + 3*a + 2. Let n be d(3). Let b = n + 11. Suppose -b*i = -48 - 0. What is the tens digit of i?
1
Let c = -2 - -3. Let r be c + -1 + -1 + -15. Let q = r + 25. What is the units digit of q?
9
Let m(b) = 2*b - 4. Let r(l) = -l. Let u(a) = -m(a) + 2*r(a). Let j be u(-4). Let y = -5 + j. What is the units digit of y?
5
Suppose 1 = t, -5*t = -2*b - 26 - 33. Let w = 38 + b